{"id":441,"date":"2019-03-20T18:47:16","date_gmt":"2019-03-20T17:47:16","guid":{"rendered":"https:\/\/yumesolutions.fr\/?page_id=441"},"modified":"2025-12-09T14:17:14","modified_gmt":"2025-12-09T13:17:14","slug":"audit-infrastructure-reseau","status":"publish","type":"page","link":"https:\/\/yumesolutions.fr\/index.php\/accueil\/audit-infrastructure-reseau\/","title":{"rendered":"Audit infra\/r\u00e9seau"},"content":{"rendered":"<p>[et_pb_section fb_built=\u00a0\u00bb1&Prime; _builder_version=\u00a0\u00bb4.16&Prime; background_color=\u00a0\u00bb#ffffff\u00a0\u00bb custom_padding=\u00a0\u00bb32px|0px|0|0px|false|false\u00a0\u00bb global_colors_info=\u00a0\u00bb{}\u00a0\u00bb][et_pb_row _builder_version=\u00a0\u00bb4.27.4&Prime; _module_preset=\u00a0\u00bbdefault\u00a0\u00bb global_colors_info=\u00a0\u00bb{}\u00a0\u00bb][et_pb_column type=\u00a0\u00bb4_4&Prime; _builder_version=\u00a0\u00bb4.27.4&Prime; _module_preset=\u00a0\u00bbdefault\u00a0\u00bb global_colors_info=\u00a0\u00bb{}\u00a0\u00bb][et_pb_text _builder_version=\u00a0\u00bb4.27.5&Prime; _module_preset=\u00a0\u00bbdefault\u00a0\u00bb hover_enabled=\u00a0\u00bb0&Prime; global_colors_info=\u00a0\u00bb{}\u00a0\u00bb sticky_enabled=\u00a0\u00bb0&Prime;]<\/p>\n<h1 style=\"text-align: center;\">Audit Syst\u00e8me d&rsquo;Information<\/h1>\n<h2><\/h2>\n<h2>Des DSI en souffrance<\/h2>\n<p>Les Directions des Syst\u00e8mes d\u2019Informations sont r\u00e9guli\u00e8rement en proie \u00e0 des <strong>difficult\u00e9s<\/strong> de fonctionnement diverses et vari\u00e9es\u00a0: <strong>support<\/strong> d\u00e9pass\u00e9, <strong>projets<\/strong> en retard, mauvaise <strong>communication<\/strong> en interne ou avec les autres Directions\u2026<\/p>\n<p><strong>Les causes de cette difficult\u00e9 sont souvent complexes \u00e0 identifier. En particulier pour un collaborateur en interne. D\u2019o\u00f9 l\u2019int\u00e9r\u00eat d\u2019une intervention ext\u00e9rieure.<\/strong><\/p>\n<p>&nbsp;<\/p>\n<h2>L\u2019accompagnement Yume<\/h2>\n<p>L\u2019accompagnement Yume est l\u00e0 pour vous aider\u00a0afin d\u2019identifier les points <strong>forts<\/strong> ou d\u2019<strong>am\u00e9lioration<\/strong> de votre DSI sous forme d\u2019audit.<\/p>\n<p>L\u2019<strong>audit<\/strong> se d\u00e9roule en trois temps\u00a0:<\/p>\n<ul>\n<li>Dans une premi\u00e8re phase d\u2019analyse, les consultants exp\u00e9riment\u00e9s de Yume <strong>recueillent<\/strong> un maximum d\u2019information pertinentes aupr\u00e8s des <strong>acteurs cl\u00e9s<\/strong>;<\/li>\n<li>Dans un second temps, ces informations sont <strong>analys\u00e9es<\/strong> et confront\u00e9es aux bonnes pratiques et r\u00e9f\u00e9rences du march\u00e9\u00a0;<\/li>\n<li>Dans un troisi\u00e8me temps, un ensemble de <strong>pr\u00e9conisations<\/strong> est formul\u00e9 sous forme de rapport pr\u00e9cis et d\u00e9taill\u00e9 sur deux axes principaux : l\u2019Organisation et l\u2019Architecture Applicative.<\/li>\n<\/ul>\n<p>Nos audits \u00e9tant \u00e0 la carte, au d\u00e9marrage du projet, vous pouvez \u00e9galement <strong>personnaliser<\/strong> l\u2019audit via des demandes concernant des points pr\u00e9cis.<\/p>\n<p><a href=\"https:\/\/yumesolutions.fr\/#nous_rejoindre\">Yume est \u00e0 votre disposition afin de d\u00e9marrer notre collaboration sur ce projet.<\/a><\/p>\n<p>[\/et_pb_text][\/et_pb_column][\/et_pb_row][et_pb_row _builder_version=\u00a0\u00bb4.16&Prime; custom_padding=\u00a0\u00bb22px|0px|14px|0px|false|false\u00a0\u00bb global_colors_info=\u00a0\u00bb{}\u00a0\u00bb][et_pb_column type=\u00a0\u00bb4_4&Prime; _builder_version=\u00a0\u00bb4.16&Prime; custom_padding=\u00a0\u00bb|||\u00a0\u00bb global_colors_info=\u00a0\u00bb{}\u00a0\u00bb custom_padding__hover=\u00a0\u00bb|||\u00a0\u00bb][et_pb_text _builder_version=\u00a0\u00bb4.16&Prime; global_colors_info=\u00a0\u00bb{}\u00a0\u00bb]<\/p>\n<h1 style=\"text-align: justify;\">Nos audits infrastructure et r\u00e9seau<\/h1>\n<h3 style=\"text-align: justify;\">Pourquoi r\u00e9aliser ce type d&rsquo;audit?<\/h3>\n<p style=\"text-align: justify;\">Avec la transformation num\u00e9rique, les Syst\u00e8mes d\u2019Informations (SI) sont maintenant au c\u0153ur de l\u2019efficience de l\u2019entreprise. La performance et la disponibilit\u00e9 de votre r\u00e9seau sont des \u00e9l\u00e9ments incontournables de votre comp\u00e9titivit\u00e9.<\/p>\n<p style=\"text-align: justify;\">L\u2019audit r\u00e9seau a pour objectif d\u2019identifier les points cl\u00e9s suivants\u00a0:<\/p>\n<ul style=\"text-align: justify;\">\n<li><strong>Performance<\/strong> de votre r\u00e9seau<\/li>\n<li><strong>Disponibilit\u00e9<\/strong> de votre infrastructure<\/li>\n<li>Les <strong>risques<\/strong> de pannes encourues<\/li>\n<li>La <strong>puissance<\/strong> pour cro\u00eetre et r\u00e9pondre \u00e0 vos besoins futurs<\/li>\n<li><strong>Am\u00e9lioration<\/strong> \u00e0 mettre en \u0153uvre pour renforcer votre infrastructure r\u00e9seau<\/li>\n<li>Les <strong>cons\u00e9quences<\/strong> d\u2019une panne sur votre production<\/li>\n<\/ul>\n<p style=\"text-align: justify;\">\n<p style=\"text-align: justify;\">En fonction de vos besoins, et de vos pr\u00e9occupations, nous assurons\u00a0:<\/p>\n<ul style=\"text-align: justify;\">\n<li>La <strong>collecte<\/strong> des informations indispensables \u00e0 la compr\u00e9hension de votre infrastructure r\u00e9seau<\/li>\n<\/ul>\n<p style=\"text-align: justify;\">Cela se traduit par des entretiens, analyse de documentation, identification des outils de supervision, mise en place d\u2019outils de saturation r\u00e9seau, \u2026<\/p>\n<p>[\/et_pb_text][\/et_pb_column][\/et_pb_row][et_pb_row _builder_version=\u00a0\u00bb4.16&Prime; max_width=\u00a0\u00bb864px\u00a0\u00bb custom_margin=\u00a0\u00bb|||\u00a0\u00bb custom_padding=\u00a0\u00bb11px|40px|12px|40px|false|true\u00a0\u00bb box_shadow_style=\u00a0\u00bbpreset1&Prime; use_custom_width=\u00a0\u00bbon\u00a0\u00bb custom_width_px=\u00a0\u00bb864px\u00a0\u00bb global_colors_info=\u00a0\u00bb{}\u00a0\u00bb][et_pb_column type=\u00a0\u00bb4_4&Prime; _builder_version=\u00a0\u00bb4.16&Prime; custom_padding=\u00a0\u00bb|||\u00a0\u00bb global_colors_info=\u00a0\u00bb{}\u00a0\u00bb custom_padding__hover=\u00a0\u00bb|||\u00a0\u00bb][et_pb_text _builder_version=\u00a0\u00bb4.16&Prime; global_colors_info=\u00a0\u00bb{}\u00a0\u00bb]<\/p>\n<p style=\"text-align: justify;\"><strong>Exemple\u00a0de diagnostic :<\/strong> pour identifier les raisons de l\u2019effondrement d\u2019un site client, nous avons, en dehors des heures de production, test\u00e9 la mont\u00e9e en charge de ses diff\u00e9rents r\u00e9seaux. Nous avons ainsi identifi\u00e9 l\u2019origine des dysfonctionnements : \u00ab\u00a0\u2026 lorsqu\u2019un site consomme la bande passante maximum allou\u00e9e globalement au VPN les autres sites n\u2019y ont plus acc\u00e8s \u2026 <\/p>\n<p>[\/et_pb_text][\/et_pb_column][\/et_pb_row][et_pb_row _builder_version=\u00a0\u00bb4.16&Prime; custom_padding=\u00a0\u00bb13px|0px|27px|0px|false|false\u00a0\u00bb global_colors_info=\u00a0\u00bb{}\u00a0\u00bb][et_pb_column type=\u00a0\u00bb4_4&Prime; _builder_version=\u00a0\u00bb4.16&Prime; custom_padding=\u00a0\u00bb|||\u00a0\u00bb global_colors_info=\u00a0\u00bb{}\u00a0\u00bb custom_padding__hover=\u00a0\u00bb|||\u00a0\u00bb][et_pb_text _builder_version=\u00a0\u00bb4.16&Prime; global_colors_info=\u00a0\u00bb{}\u00a0\u00bb]<\/p>\n<p>Ces informations sont confront\u00e9es \u00e0 <strong>l\u2019\u00e9tat de l\u2019art<\/strong> afin d\u2019identifier clairement les <strong>points cl\u00e9s<\/strong> de votre infrastructure r\u00e9seau (voir points cl\u00e9s ci-dessus)<\/p>\n<ul style=\"text-align: justify;\">\n<li>Nous d\u00e9taillons les <strong>pr\u00e9conisations<\/strong> \u00e0 la suite du diagnostic. Cela peut \u00eatre la mise en place de correctif, mais aussi la mise en place d\u2019outil de supervision pertinent.<\/li>\n<\/ul>\n<p style=\"text-align: justify;\">D\u2019une mani\u00e8re g\u00e9n\u00e9rale, Yume Solutions pr\u00e9conise \u00e0 ses clients d\u2019\u00eatre vigilant sur les indicateurs cl\u00e9s et \u00e0 ne pas se disperser sur des outils de supervision non maitris\u00e9s.<\/p>\n<p style=\"text-align: justify;\">Yume Solutions classe syst\u00e9matiquement ses pr\u00e9conisations par <strong>priorit\u00e9<\/strong>. Cela peut \u00eatre en fonction de l\u2019efficience des am\u00e9liorations ou des correctifs apport\u00e9s.<\/p>\n<p style=\"text-align: justify;\">\n<ul style=\"text-align: justify;\">\n<li>Les livrables sont sous trois formes\u00a0:<\/li>\n<ul>\n<li>Un<strong> rapport d\u2019audit d\u00e9taill\u00e9<\/strong> avec l\u2019ensemble des relev\u00e9s et explications techniques<\/li>\n<li>Une <strong>synth\u00e8se<\/strong> \u00e0 destination des d\u00e9cideurs.<\/li>\n<li>Le cas \u00e9ch\u00e9ant un <strong>cahier des charges<\/strong> est produit \u00e0 partir du rapport d\u2019audit.<\/li>\n<\/ul>\n<\/ul>\n<ul>\n<li style=\"text-align: justify;\">La <strong>synth\u00e8se<\/strong> est g\u00e9n\u00e9ralement pr\u00e9sent\u00e9e \u00e0 la <strong>direction g\u00e9n\u00e9rale ou au COMEX<\/strong>. Non sp\u00e9cialiste des SI, ils peuvent ainsi prendre part aux d\u00e9cisions strat\u00e9giques li\u00e9es \u00e0 leur infrastructure r\u00e9seau.<\/li>\n<\/ul>\n<p>[\/et_pb_text][\/et_pb_column][\/et_pb_row][et_pb_row _builder_version=\u00a0\u00bb4.16&Prime; custom_padding=\u00a0\u00bb|10px||10px\u00a0\u00bb border_radii=\u00a0\u00bbon|8px|8px|8px|8px\u00a0\u00bb border_width_all=\u00a0\u00bb3px\u00a0\u00bb border_color_all=\u00a0\u00bb#40bad2&Prime; box_shadow_style=\u00a0\u00bbpreset1&Prime; global_colors_info=\u00a0\u00bb{}\u00a0\u00bb][et_pb_column type=\u00a0\u00bb4_4&Prime; _builder_version=\u00a0\u00bb4.16&Prime; custom_padding=\u00a0\u00bb|||\u00a0\u00bb global_colors_info=\u00a0\u00bb{}\u00a0\u00bb custom_padding__hover=\u00a0\u00bb|||\u00a0\u00bb][et_pb_text _builder_version=\u00a0\u00bb4.16&Prime; global_colors_info=\u00a0\u00bb{}\u00a0\u00bb]<\/p>\n<p style=\"text-align: justify;\">Les audits infrastructure de Yume Solutions sont r\u00e9alis\u00e9s en <strong>total ind\u00e9pendance<\/strong> des prestataires du domaine. Yume Solutions n\u2019assurant pas la maintenance ou la supervision des r\u00e9seaux, elle garantit \u00e0 ses clients la protection contre les conflits d\u2019int\u00e9r\u00eat.<\/p>\n<p>[\/et_pb_text][\/et_pb_column][\/et_pb_row][et_pb_row _builder_version=\u00a0\u00bb4.27.4&Prime; _module_preset=\u00a0\u00bbdefault\u00a0\u00bb global_colors_info=\u00a0\u00bb{}\u00a0\u00bb][et_pb_column type=\u00a0\u00bb4_4&Prime; _builder_version=\u00a0\u00bb4.27.4&Prime; _module_preset=\u00a0\u00bbdefault\u00a0\u00bb global_colors_info=\u00a0\u00bb{}\u00a0\u00bb][et_pb_text _builder_version=\u00a0\u00bb4.27.4&Prime; _module_preset=\u00a0\u00bbdefault\u00a0\u00bb global_colors_info=\u00a0\u00bb{}\u00a0\u00bb][\/et_pb_text][\/et_pb_column][\/et_pb_row][\/et_pb_section]<\/p>\n","protected":false},"excerpt":{"rendered":"<p>Audit Syst\u00e8me d&rsquo;Information Des DSI en souffrance Les Directions des Syst\u00e8mes d\u2019Informations sont r\u00e9guli\u00e8rement en proie \u00e0 des difficult\u00e9s de fonctionnement diverses et vari\u00e9es\u00a0: support d\u00e9pass\u00e9, projets en retard, mauvaise communication en interne ou avec les autres Directions\u2026 Les causes de cette difficult\u00e9 sont souvent complexes \u00e0 identifier. En particulier pour un collaborateur en interne. [&hellip;]<\/p>\n","protected":false},"author":1,"featured_media":0,"parent":130,"menu_order":0,"comment_status":"closed","ping_status":"closed","template":"","meta":{"_et_pb_use_builder":"on","_et_pb_old_content":"","_et_gb_content_width":"","footnotes":""},"class_list":["post-441","page","type-page","status-publish","hentry"],"_links":{"self":[{"href":"https:\/\/yumesolutions.fr\/index.php\/wp-json\/wp\/v2\/pages\/441","targetHints":{"allow":["GET"]}}],"collection":[{"href":"https:\/\/yumesolutions.fr\/index.php\/wp-json\/wp\/v2\/pages"}],"about":[{"href":"https:\/\/yumesolutions.fr\/index.php\/wp-json\/wp\/v2\/types\/page"}],"author":[{"embeddable":true,"href":"https:\/\/yumesolutions.fr\/index.php\/wp-json\/wp\/v2\/users\/1"}],"replies":[{"embeddable":true,"href":"https:\/\/yumesolutions.fr\/index.php\/wp-json\/wp\/v2\/comments?post=441"}],"version-history":[{"count":9,"href":"https:\/\/yumesolutions.fr\/index.php\/wp-json\/wp\/v2\/pages\/441\/revisions"}],"predecessor-version":[{"id":1160,"href":"https:\/\/yumesolutions.fr\/index.php\/wp-json\/wp\/v2\/pages\/441\/revisions\/1160"}],"up":[{"embeddable":true,"href":"https:\/\/yumesolutions.fr\/index.php\/wp-json\/wp\/v2\/pages\/130"}],"wp:attachment":[{"href":"https:\/\/yumesolutions.fr\/index.php\/wp-json\/wp\/v2\/media?parent=441"}],"curies":[{"name":"wp","href":"https:\/\/api.w.org\/{rel}","templated":true}]}}